d 1030?
2
What is the greatest common divisor of 1233 and 161073229?
137
What is the highest common factor of 15 and 97588200?
15
Calculate the highest common divisor of 14176 and 366146588.
1772
Calculate the greatest common divisor of 145051 and 1398848.
1987
What is the highest common factor of 70238 and 712936?
406
What is the greatest common divisor of 12312 and 16901784?
648
Calculate the greatest common divisor of 11316988 and 12.
4
Calculate the greatest common factor of 13014 and 54.
54
Calculate the highest common divisor of 44 and 106601858.
22
Calculate the greatest common factor of 391 and 3566495943.
391
What is the highest common factor of 1710 and 17688582?
342
What is the highest common divisor of 125315484 and 42?
42
What is the highest common factor of 6854336 and 1104?
16
Calculate the greatest common divisor of 50408865 and 1755.
1755
Calculate the highest common factor of 369 and 771907.
41
Calculate the highest common factor of 621 and 1306456074.
621
What is the greatest common factor of 65577787 and 242?
11
Calculate the highest common divisor of 28303296 and 5656.
56
Calculate the greatest common factor of 14259 and 852257.
49
What is the greatest common divisor of 332 and 139691407?
83
Calculate the highest common factor of 14669 and 225.
1
Calculate the greatest common factor of 180 and 9507744.
36
What is the highest common factor of 4974 and 499635813?
2487
What is the greatest common factor of 273535718 and 436?
218
Calculate the highest common divisor of 621390 and 7590.
330
Calculate the greatest common factor of 51343134 and 12.
6
What is the greatest common divisor of 50882603 and 118?
59
What is the highest common divisor of 121763464 and 9592?
872
Calculate the highest common divisor of 34 and 13829908.
34
What is the greatest common factor of 30163 and 35519087?
4309
What is the greatest common divisor of 4145 and 32207479?
829
Calculate the greatest common factor of 362 and 989667818.
362
Calculate the highest common divisor of 11837 and 45462179.
623
What is the highest common factor of 59655 and 5383095?
615
Calculate the greatest common divisor of 504352 and 1504.
32
Calculate the highest common divisor of 30281 and 9395600.
283
Calculate the greatest common factor of 324 and 4686108.
12
Calculate the greatest common divisor of 379418975 and 975.
325
What is the highest common factor of 621 and 186125959?
23
What is the highest common divisor of 74399 and 37856819?
767
What is the highest common divisor of 1337 and 5686261?
1337
What is the greatest common factor of 1606 and 22296682?
146
What is the highest common divisor of 1218 and 138678?
174
What is the greatest common divisor of 256 and 10529?
1
Calculate the highest common divisor of 2075460 and 11640.
60
What is the highest common divisor of 914 and 94308348?
914
What is the highest common divisor of 83267250 and 220?
110
What is the greatest common factor of 505660 and 1220?
20
What is the greatest common factor of 608 and 112752?
16
Calculate the highest common factor of 3225 and 8851175.
25
Calculate the highest common divisor of 628 and 6104474.
314
Calculate the greatest common factor of 1276587 and 33993.
27
What is the greatest common factor of 16293886 and 28?
14
What is the highest common factor of 8061394 and 7249?
11
What is the greatest common factor of 343752 and 192?
24
Calculate the highest common divisor of 3806 and 6403595.
1903
Calculate the highest common factor of 4593760 and 56.
8
Calculate the highest common divisor of 335971 and 340.
17
What is the highest common factor of 11108 and 7336834?
5554
What is the greatest common divisor of 84 and 2820828?
12
Calculate the greatest common factor of 358137 and 10413.
117
Calculate the greatest common divisor of 14834530 and 20.
10
What is the greatest common factor of 1603087 and 174445?
139
What is the highest common factor of 6 and 49849026?
6
Calculate the highest common factor of 2560 and 126032.
16
Calculate the highest common factor of 9340815 and 330.
165
What is the highest common divisor of 3610 and 3490770?
10
What is the highest common factor of 10571868 and 72?
36
Calculate the greatest common divisor of 975 and 588980275.
325
What is the greatest common factor of 1435532 and 7982?
614
Calculate the highest common factor of 105534 and 194094.
738
What is the highest common factor of 37094110 and 3820?
1910
Calculate the greatest common factor of 357629 and 2123.
193
What is the greatest common factor of 19232 and 490?
2
Calculate the highest common factor of 110 and 278968822.
22
What is the greatest common divisor of 1115 and 80318356?
223
Calculate the greatest common factor of 8419350 and 4182.
246
What is the highest common divisor of 793602 and 7734?
6
Calculate the highest common divisor of 144420 and 522.
174
What is the greatest common factor of 114 and 2727811?
19
Calculate the highest common divisor of 10401597 and 9.
9
Calculate the highest common factor of 90 and 60889005.
45
Calculate the highest common factor of 9954 and 63266.
14
What is the greatest common factor of 61676 and 833884?
68
What is the highest common divisor of 283772562 and 1671?
1671
Calculate the greatest common divisor of 656578 and 312.
26
What is the highest common factor of 1710 and 20292855?
285
Calculate the highest common divisor of 21445202 and 944.
118
Calculate the highest common factor of 27572 and 11323064.
244
Calculate the highest common factor of 7485287 and 17.
17
Calculate the greatest common divisor of 9243 and 368550.
117
Calculate the highest common factor of 5952414 and 17.
17
What is the highest common factor of 19 and 598025171?
19
What is the highest common divisor of 30000 and 1540320?
240
Calculate the greatest common factor of 865 and 1018569505.
865
What is the highest common divisor of 566954536 and 1192?
1192
Calculate the highest common divisor of 410 and 14930970.
410
What is the greatest common divisor of 11070113 and 5136?
107
Calculate the greatest common divisor of 564 and 446268.
12
What is the greatest common divisor of 65 and 3241480?
5
Calculate the highest common factor of 31346 and 64778.
14
What is the highest common factor of 220 and 79992099?
11
What is the greatest common divisor of 14774928 and 1344?
336
What is the greatest common factor of 186823 and 182?
91
What is the greatest common factor of 19180 and 10211980?
2740
What is the greatest common factor of 18439621 and 29?
29
Calculate the greatest common factor of 1381987 and 1763.
41
Calculate the highest common factor of 63 and 108781477.
7
Calculate the greatest common factor of 18134977 and 39299.
3023
Calculate the highest common factor of 17703868 and 221.
221
What is the highest common divisor of 30096 and 53055486?
3762
Calculate the highest common divisor of 45724637 and 477.
53
Calculate the highest common divisor of 714131 and 2827.
11
What is the greatest common divisor of 4656866 and 9927?
1103
Calculate the highest common divisor of 2456250 and 786.
786
What is the greatest common factor of 723 and 2429521482?
723
What is the highest common factor of 2264 and 861169?
283
What is the highest common divisor of 526855428 and 7128?
3564
Calculate the highest common factor of 3412048 and 208.
16
Calculate the highest common divisor of 13774159 and 145.
29
Calculate the greatest common divisor of 73499690 and 110.
110
Calculate the greatest common factor of 1088 and 7336656.
272
What is the greatest common factor of 122495556 and 2895?
579
What is the greatest common factor of 12182740 and 9020?
820
What is the highest common divisor of 34040816 and 129979?
6841
What is the greatest common divisor of 194983412 and 2028?
676
Calculate the greatest common factor of 296022 and 1756014.
2874
What is the greatest common divisor of 1073129 and 8460131?
2549
Calculate the greatest common factor of 129 and 563497757.
43
What is the greatest common divisor of 3032 and 20036972?
1516
Calculate the highest common divisor of 23155358 and 346.
346
Calculate the highest common divisor of 2170 and 848162945.
1085
Calculate the greatest common divisor of 2565421 and 103.
103
What is the highest common factor of 40464 and 2598969?
843
What is the highest common divisor of 67262 and 7982?
2